{"id":893,"date":"2026-03-13T13:47:16","date_gmt":"2026-03-13T12:47:16","guid":{"rendered":"https:\/\/aped-dingy.com\/?page_id=893"},"modified":"2026-03-13T14:12:27","modified_gmt":"2026-03-13T13:12:27","slug":"dingo-trail-des-famille","status":"publish","type":"page","link":"https:\/\/aped-dingy.com\/index.php\/dingo-trail-des-famille\/","title":{"rendered":"DINGO TRAIL DES FAMILLES"},"content":{"rendered":"\n<p>Un fabuleux trail aux pieds du Parmelan et en bordure de Fier !<\/p>\n\n\n\n<p>Chaque ann\u00e9e depuis juin 2012, l&rsquo;APED organise le Dingo Trail des familles, un \u00e9v\u00e8nement sportif &amp; convivial unissant les g\u00e9n\u00e9rations au coeur du village !<\/p>\n\n\n\n<p>Merci \u00e0 tous les b\u00e9n\u00e9voles et sponsors qui soutiennent ce bel \u00e9v\u00e8nement aux cot\u00e9s de l&rsquo;APED ! A la Mairie et aux agriculteurs !&nbsp;<\/p>\n\n\n\n<p>Les fonds collect\u00e9s sont au profit des activit\u00e9s \u00e9ducatives des enfants !<\/p>\n\n\n\n<p>Contact : dingo.trail.familles.gmail.com pour devenir b\u00e9n\u00e9vole \u00e0 nos c\u00f4t\u00e9s et\/ou rejoindre nos fid\u00e8les partenaires !!!<\/p>\n\n\n\n<p>Inscriptions en ligne possibles sur NJUKO \u00e0 l&rsquo;ouverture du site g\u00e9n\u00e9ralement au printemps !<\/p>\n\n\n\n<p>Suivez-nous sur facebook :\u00a0<a href=\"https:\/\/www.facebook.com\/dingotrail.fr\/\">https:\/\/www.facebook.com\/dingotrail.fr\/<\/a>\u00a0et sur notre page insta :\u00a0<a href=\"https:\/\/www.instagram.com\/dingotrail.desfamilles?igsh=dHBlb3Nyazl4aDE5&amp;utm_source=qr\">https:\/\/www.instagram.com\/dingotrail.desfamilles?igsh=dHBlb3Nyazl4aDE5&amp;utm_source=qr<\/a><\/p>\n\n\n\n<figure class=\"wp-block-image size-large\"><img fetchpriority=\"high\" decoding=\"async\" width=\"1024\" height=\"683\" src=\"http:\/\/aped-dingy.com\/wp-content\/uploads\/2024\/06\/DSC_5419_1-1024x683.jpg\" alt=\"\" class=\"wp-image-344\" srcset=\"https:\/\/aped-dingy.com\/wp-content\/uploads\/2024\/06\/DSC_5419_1-1024x683.jpg 1024w, https:\/\/aped-dingy.com\/wp-content\/uploads\/2024\/06\/DSC_5419_1-300x200.jpg 300w, https:\/\/aped-dingy.com\/wp-content\/uploads\/2024\/06\/DSC_5419_1-768x512.jpg 768w, https:\/\/aped-dingy.com\/wp-content\/uploads\/2024\/06\/DSC_5419_1-1536x1024.jpg 1536w, https:\/\/aped-dingy.com\/wp-content\/uploads\/2024\/06\/DSC_5419_1-2048x1366.jpg 2048w\" sizes=\"(max-width: 1024px) 100vw, 1024px\" \/><\/figure>\n","protected":false},"excerpt":{"rendered":"<p>Un fabuleux trail aux pieds du Parmelan et en bordure de Fier ! Chaque ann\u00e9e depuis juin 2012, l&rsquo;APED organise le Dingo Trail des familles, un \u00e9v\u00e8nement sportif &amp; convivial unissant les g\u00e9n\u00e9rations au coeur du village ! Merci \u00e0 tous les b\u00e9n\u00e9voles et sponsors qui soutiennent ce bel \u00e9v\u00e8nement aux cot\u00e9s de l&rsquo;APED ! [&hellip;]<\/p>\n","protected":false},"author":1,"featured_media":0,"parent":0,"menu_order":0,"comment_status":"closed","ping_status":"closed","template":"","meta":{"ocean_post_layout":"","ocean_both_sidebars_style":"","ocean_both_sidebars_content_width":0,"ocean_both_sidebars_sidebars_width":0,"ocean_sidebar":"","ocean_second_sidebar":"","ocean_disable_margins":"enable","ocean_add_body_class":"","ocean_shortcode_before_top_bar":"","ocean_shortcode_after_top_bar":"","ocean_shortcode_before_header":"","ocean_shortcode_after_header":"","ocean_has_shortcode":"","ocean_shortcode_after_title":"","ocean_shortcode_before_footer_widgets":"","ocean_shortcode_after_footer_widgets":"","ocean_shortcode_before_footer_bottom":"","ocean_shortcode_after_footer_bottom":"","ocean_display_top_bar":"default","ocean_display_header":"default","ocean_header_style":"","ocean_center_header_left_menu":"","ocean_custom_header_template":"","ocean_custom_logo":0,"ocean_custom_retina_logo":0,"ocean_custom_logo_max_width":0,"ocean_custom_logo_tablet_max_width":0,"ocean_custom_logo_mobile_max_width":0,"ocean_custom_logo_max_height":0,"ocean_custom_logo_tablet_max_height":0,"ocean_custom_logo_mobile_max_height":0,"ocean_header_custom_menu":"","ocean_menu_typo_font_family":"","ocean_menu_typo_font_subset":"","ocean_menu_typo_font_size":0,"ocean_menu_typo_font_size_tablet":0,"ocean_menu_typo_font_size_mobile":0,"ocean_menu_typo_font_size_unit":"px","ocean_menu_typo_font_weight":"","ocean_menu_typo_font_weight_tablet":"","ocean_menu_typo_font_weight_mobile":"","ocean_menu_typo_transform":"","ocean_menu_typo_transform_tablet":"","ocean_menu_typo_transform_mobile":"","ocean_menu_typo_line_height":0,"ocean_menu_typo_line_height_tablet":0,"ocean_menu_typo_line_height_mobile":0,"ocean_menu_typo_line_height_unit":"","ocean_menu_typo_spacing":0,"ocean_menu_typo_spacing_tablet":0,"ocean_menu_typo_spacing_mobile":0,"ocean_menu_typo_spacing_unit":"","ocean_menu_link_color":"","ocean_menu_link_color_hover":"","ocean_menu_link_color_active":"","ocean_menu_link_background":"","ocean_menu_link_hover_background":"","ocean_menu_link_active_background":"","ocean_menu_social_links_bg":"","ocean_menu_social_hover_links_bg":"","ocean_menu_social_links_color":"","ocean_menu_social_hover_links_color":"","ocean_disable_title":"default","ocean_disable_heading":"default","ocean_post_title":"","ocean_post_subheading":"","ocean_post_title_style":"","ocean_post_title_background_color":"","ocean_post_title_background":0,"ocean_post_title_bg_image_position":"","ocean_post_title_bg_image_attachment":"","ocean_post_title_bg_image_repeat":"","ocean_post_title_bg_image_size":"","ocean_post_title_height":0,"ocean_post_title_bg_overlay":0.5,"ocean_post_title_bg_overlay_color":"","ocean_disable_breadcrumbs":"default","ocean_breadcrumbs_color":"","ocean_breadcrumbs_separator_color":"","ocean_breadcrumbs_links_color":"","ocean_breadcrumbs_links_hover_color":"","ocean_display_footer_widgets":"default","ocean_display_footer_bottom":"default","ocean_custom_footer_template":"","footnotes":""},"class_list":["post-893","page","type-page","status-publish","hentry","entry"],"_links":{"self":[{"href":"https:\/\/aped-dingy.com\/index.php\/wp-json\/wp\/v2\/pages\/893","targetHints":{"allow":["GET"]}}],"collection":[{"href":"https:\/\/aped-dingy.com\/index.php\/wp-json\/wp\/v2\/pages"}],"about":[{"href":"https:\/\/aped-dingy.com\/index.php\/wp-json\/wp\/v2\/types\/page"}],"author":[{"embeddable":true,"href":"https:\/\/aped-dingy.com\/index.php\/wp-json\/wp\/v2\/users\/1"}],"replies":[{"embeddable":true,"href":"https:\/\/aped-dingy.com\/index.php\/wp-json\/wp\/v2\/comments?post=893"}],"version-history":[{"count":5,"href":"https:\/\/aped-dingy.com\/index.php\/wp-json\/wp\/v2\/pages\/893\/revisions"}],"predecessor-version":[{"id":910,"href":"https:\/\/aped-dingy.com\/index.php\/wp-json\/wp\/v2\/pages\/893\/revisions\/910"}],"wp:attachment":[{"href":"https:\/\/aped-dingy.com\/index.php\/wp-json\/wp\/v2\/media?parent=893"}],"curies":[{"name":"wp","href":"https:\/\/api.w.org\/{rel}","templated":true}]}}